late the remainder when r is divided by 9.
6
Let s(k) = -k**2 - 13*k + 52. Let r(q) = 2*q - 4*q + 4*q + q**2. What is the remainder when s(-15) is divided by r(2)?
6
Let x = 306 + -175. Calculate the remainder when x is divided by 22.
21
Suppose -h - 4 = 5*b, 5*b - 32 = -5*h + 6*b. Let a be 16/h - (-1)/3. Suppose -9 = -2*t - a. What is the remainder when 4 is divided by t?
1
Suppose -2*o + 6*o = 88. Suppose 129 = z + 2*z. What is the remainder when z is divided by o?
21
Let n = -90 - -135. What is the remainder when n is divided by 12?
9
Let n = -21 + 27. Calculate the remainder when 21 is divided by n.
3
Let b be 1 + -4 - (-18)/6. Suppose -5*h = d - 24 - b, -h = -3*d + 8. Let z = -7 - -13. What is the remainder when z is divided by h?
2
Suppose j = -2*j + 2*w + 845, -3*w = -3*j + 840. Suppose n - 4*n + j = 0. What is the remainder when n is divided by 24?
23
Let j(n) = 4*n**2 + 1. Suppose -4*d + 110 = d. Suppose -4 - d = -2*a. Calculate the remainder when a is divided by j(1).
3
Let k = -6 - -9. Calculate the remainder when (-63)/(-13) - (-2 - (-96)/52) is divided by k.
2
Let t(c) = -c**3 - 13*c**2 - 13*c - 7. Let f be t(-12). Suppose w + 56 = f*w. What is the remainder when 26 is divided by w?
12
Suppose -3*j + 0*u + 85 = 2*u, 5*j + 2*u - 135 = 0. Calculate the remainder when 47 is divided by j.
22
Calculate the remainder when 4/(-1)*10/(-5) is divided by 3.
2
Let m(d) = -d**2 + 8*d + 10. Calculate the remainder when 57 is divided by m(8).
7
Calculate the remainder when 86 is divided by (-2211)/(-99) - 1/3.
20
Let l be (-1)/(-5) + 36/20. Suppose 3*v = -l*v - m + 90, 4*v - m = 72. What is the remainder when 35 is divided by v?
17
Let l be (-4)/(-5)*(-5)/(-1). Calculate the remainder when 22 is divided by l/(2*(-1)/(-4)).
6
What is the remainder when (-4 + 1)/3*-11 is divided by 3?
2
Suppose 4 = 4*o - 112. Suppose -4*l - 3*s - 5 = -3*l, -5*l + s = -55. Calculate the remainder when o is divided by l.
9
Let l(w) = -4*w + 11. Suppose 0 = -9*v + 4*v - 55. Calculate the remainder when l(v) is divided by 19.
17
Let u = 39 - 25. Let v(z) = -z**2 - 4*z - 1. Let w be v(-3). Suppose -w*x + u = 4*d, -8 - 18 = -d - 5*x. What is the remainder when 3 is divided by d?
0
Suppose -6 = -b - 2*b. Calculate the remainder when b is divided by (-3)/(-2)*2/3.
0
Suppose 5*c + g - 39 = -3*g, 0 = -c - g + 7. What is the remainder when 18 is divided by c?
7
Let g be 6/7*(2 + 5). Let m = 0 + g. What is the remainder when 10 is divided by m?
4
Calculate the remainder when 48 is divided by (-5)/10*40/(4/(-2)).
8
Let j = 11 + -9. Let f(v) = 11*v. What is the remainder when 63 is divided by f(j)?
19
Let z be -3*(-11)/9*3. Suppose 3*k - 2 = 2*u, -5*k = u + 3*u - 18. What is the remainder when (z + -5)*4/6 is divided by k?
0
Suppose 5*w - 25 = 0, n + 35 = 6*n + 4*w. Suppose n*o - 12 = 0, 5*g - 2*o - 3 = -1. What is the remainder when 4 is divided by g?
0
Suppose 3*t - 108 = 24. What is the remainder when t is divided by 23?
21
Let q = 44 - 19. Calculate the remainder when q is divided by 14.
11
Suppose -5*b = -n - 28, -3*b = -n - 14 - 4. Let r(t) = 11*t**2 - 3*t + 3. Let p be r(2). Suppose b*v + 1 = p. Calculate the remainder when 15 is divided by v.
7
Let h = -1 - -3. What is the remainder when (-3 - 18)*8/(-24) is divided by h?
1
Let g = 74 + -56. Calculate the remainder when g is divided by 5.
3
Suppose -u + 5*u - 100 = 0. Suppose 3 + 51 = 3*j - 4*b, -23 = -j + 3*b. Calculate the remainder when u is divided by j.
11
Let m(p) = 2*p - 3. Let i be m(3). Let b = 11 - i. What is the remainder when b is divided by 3?
2
Suppose -3*u - 4*u + 140 = 0. What is the remainder when 57 is divided by u?
17
Let k(i) = -i + 7. Let s(p) = 95*p**2 + p - 1. Let l be s(1). What is the remainder when (l/(-15))/(2/(-6)) is divided by k(0)?
5
Let i(b) = 39*b**2 + b. Let j = 2 + -1. Calculate the remainder when i(j) is divided by 14.
12
Suppose 3*q - 9 = -3*x, 3 = 2*x + q - 1. Let z be (0 - x - -6)*1. Calculate the remainder when 132/z - 4/10 is divided by 9.
8
Let s(c) = -c**3 + 10*c**2 - 7*c - 8. Let o(x) = x**2 + 1. Let j be o(1). Suppose j*p + 3 = 21. Calculate the remainder when s(p) is divided by 6.
4
Let i = -27 + 40. Calculate the remainder when 74 is divided by i.
9
What is the remainder when (-18)/(-6)*(-3 + 2)*-10 is divided by 19?
11
Let h(z) = -z**2 - 8*z - 8. Let m be h(-7). Let o = m + 1. Let n = o - -2. Calculate the remainder when n is divided by 2.
0
Let k(w) = -w**2 - 16*w + 37. Calculate the remainder when k(-17) is divided by 8.
4
Suppose 0*f - 140 = -4*f. Suppose -2*t = 3*t - f. Calculate the remainder when 582/30 + (-2)/5 is divided by t.
5
Suppose -g + 17 + 65 = 5*a, -5*g + 58 = 3*a. Let v = -39 - -86. Calculate the remainder when v is divided by a.
15
Let s = 122 + -87. What is the remainder when 138 is divided by s?
33
What is the remainder when (-8)/(-12) - (-110)/6 is divided by 4?
3
Let l(d) = d - 7. Let x be l(-5). Let t = x - -21. Calculate the remainder when 25 is divided by t.
7
Let f(a) = 7*a**2 - a. What is the remainder when (252/(-30))/(6/(-15)) is divided by f(1)?
3
Let r = -14 + 23. Calculate the remainder when r is divided by 3.
0
Let o(l) = l**3 + 7*l**2 + 6*l + 4. Let h be o(-6). Suppose -h = -a + 43. Calculate the remainder when a is divided by 17.
13
Suppose 25 = 2*o - 7. What is the remainder when 31 is divided by o?
15
Suppose 6*p + 5*j = 3*p + 75, 4*p = 5*j + 65. Calculate the remainder when 57 is divided by p.
17
Let m = 39 + -19. Let u = -24 + 14. Let i = u - -17. Calculate the remainder when m is divided by i.
6
Let g(a) = -a + 11. Suppose 2*l - 1 - 13 = 0. Let c be g(l). Suppose p = c + 4. Calculate the remainder when p is divided by 5.
3
Suppose 0 = -2*z - 5*k, 4*z + 4*k = z. Suppose -t - 4*t + 30 = z. What is the remainder when ((-264)/32)/(6/(-16)) is divided by t?
4
Suppose 0*z - 204 = -3*z. Suppose 8 = -4*q, 8*k = 3*k - q + z. What is the remainder when k is divided by -1*1*1 + 6?
4
Suppose 3*a + 2*a - 4*d - 58 = 0, -3*a = -5*d - 40. What is the remainder when 26 is divided by a?
6
Let q = -115 - -186. What is the remainder when q is divided by 8?
7
Suppose 3*p - 2*i = 90, 99 = 3*p - 0*i + i. Let t = 4 + -20. Let w = p + t. What is the remainder when 62 is divided by w?
14
Let c = -24 + 40. Calculate the remainder when 27 is divided by c.
11
Let j(w) = 5*w - 3*w + 2*w**2 + 3*w**2. Let v be j(-2). Suppose -u = u - v. What is the remainder when 22 is divided by u?
6
Let k(v) = v + 3. What is the remainder when 13 is divided by k(1)?
1
Let f = 9 - 3. Let d(h) = -20*h - 97. What is the remainder when f is divided by d(-5)?
0
Suppose 5*c = 5*g + 30, 5 = -2*g + c - 7. Let m = g - -8. Calculate the remainder when 3 is divided by m.
1
Let w(x) = x**2 - 2*x. Let a(h) = h**3 + 10*h**2 + 8*h - 7. Let q be a(-9). Calculate the remainder when (-1)/((q + 1)/(-45)) is divided by w(4).
7
What is the remainder when 95 is divided by (72/32)/(6/64)?
23
What is the remainder when (-14)/(-119) + 695/17 is divided by 14?
13
Let a be (3/2)/(6/8). Suppose c = 10 - a. Suppose -t + 10 = 2*m + t, 4*t = 4*m - 4. Calculate the remainder when c is divided by m.
2
Suppose 0 = 5*n - z - z - 51, 3*z = 4*n - 45. Let h = -5 + 7. Suppose -3*d + 2*p = -78, 5*d + 0*d - h*p = 130. What is the remainder when d is divided by n?
8
Let w = 98 + -44. Calculate the remainder when 212 is divided by w.
50
Let z(g) be the third derivative of -7/12*g**4 + 0 + 3*g**2 - 1/6*g**3 + 0*g. What is the remainder when 37 is divided by z(-1)?
11
Let u(h) = 2*h**2 - 5*h + 10. Calculate the remainder when u(5) is divided by 12.
11
Let q(v) = -v**3 - 2*v**2 - 2. Let p be q(-2). Calculate the remainder when 58 is divided by (p + 24/9)*30.
18
Let b be 8 - (3 + -2) - 3. Suppose j = -b + 1. What is the remainder when j/((-63)/20 - -3) is divided by 7?
6
Let x(k) = -4*k - 4. Calculate the remainder when x(-13) is divided by 25.
23
Let a(c) = -4*c**3 - 2*c**2 + 2*c + 1. Suppose -2*n + 3*f = -f, 2*f + 8 = 2*n. What is the remainder when a(-2) is divided by n?
5
Let k(r) = 3*r**2 - 18*r + 16. Suppose 3*f = f + 290. What is the remainder when f is divided by k(7)?
34
Calculate the remainder when 2/(-8) - (-1225)/20 is divided by 24*-6*4/(-36).
13
Let o be 2*2/(-4)*-5. Suppose 0*h = -o*h. Suppose d - 48 = -h